+ 126. Determine d(z).
-6
Let f(m) be the third derivative of -m**6/120 + m**5/60 + m**4/6 + m**3/2 + 40*m**2 + 2*m. Determine f(-2).
7
Let s(l) = -5*l**2 - 65*l - 51. Let c be s(-12). Let v(h) = 3*h**2 - 8*h - 9. Let f(z) = -4*z**2 + 8*z + 9. Let q(d) = 2*f(d) + 3*v(d). Give q(c).
0
Let j(o) = 10*o**2 - 1. Let k = -24 - -26. Suppose 0 = -4*v, 0 = -k*r - 4*v - 5 + 1. Let t = -1 - r. Determine j(t).
9
Let f = 9566 + -9573. Let m(q) = -10*q - 55. What is m(f)?
15
Let q(a) = a**3 - 3*a**2 + a. Let d be q(6). Let l = d - 75. Let z(s) = 79*s - 42*s - l*s + 2 + 1. Calculate z(4).
-5
Suppose -2*g + 2*t - 16 = 0, 3*g - 7*t + 3*t + 20 = 0. Let c(u) be the first derivative of u**3/3 + 13*u**2/2 + 12*u + 76. Give c(g).
0
Let s(c) = 5 - c - c**2 - 2*c - 2*c. Let w(a) = -a**3 - 25*a**2 - 20*a + 105. Let m be w(-24). Suppose -411 = -m*d - 465. What is s(d)?
-1
Let b(s) = -878 + 0*s + 9*s - 16*s + 870. Calculate b(-4).
20
Let w(t) = 47*t + 1082. Let h be w(-23). Let f(v) = -5 + 4 + 17*v + 9*v. Determine f(h).
25
Let x(o) = 3*o**2 + o - 5. Let s(b) = b**2 + b + 1. Let w(z) = -z**3 + 5*z**2 + 6*z + 1. Let n be w(6). Let u(q) = n*x(q) - 2*s(q). Give u(-5).
23
Let c(w) = -w**3 - 14*w**2 + 14*w - 12. Suppose -48*q + 454 = -50*q. Let p = q - -212. Calculate c(p).
3
Let x(m) = 19*m + 84. Let q = 993 + -998. What is x(q)?
-11
Let y(j) = -7*j**3 + 2*j - 1. Let b(g) = 27*g**3 - 10*g**2 + 15*g + 4. Let z(r) = b(r) + 4*y(r). What is z(-12)?
12
Let x(b) = -13*b**2 + 2*b - 7. Let q(g) = -25*g**2 + 3*g - 13. Let s(r) = -4*q(r) + 7*x(r). Let l(h) = h**3 + 11*h**2 - 27*h - 14. Let o be l(-13). Give s(o).
10
Let y be ((-22)/12 - (-13 + 11)) + (-114)/36. Let d(s) = -24*s**2 + s - 26*s**2 + 51*s**2. Give d(y).
6
Let r(w) = -7*w + 1. Suppose -3*q = 6, 0*q - 170 = -u - q. Let g(n) = 169*n - 1 - u*n + 2. Let b(o) = 5*g(o) - 2*r(o). Calculate b(-5).
8
Let z(j) = j**2 + 5*j - 3. Suppose 16*p - 4 = 2*c + 20*p, 3*c = p + 15. Suppose -3*m - 4*q - 6 = -q, -2*m - 4*q = -c. Determine z(m).
3
Let a = -6676 + 6680. Let l(w) = w**2 + 2*w - 28. Determine l(a).
-4
Let d(l) = -l**2 + l - 7. Let u = -1950 - -1947. Determine d(u).
-19
Let s(v) = -v**3 - v - 20. Let q = -686 - -686. Calculate s(q).
-20
Let w(t) = 2 - 71*t - 69*t - 74*t + 288*t - 75*t. Determine w(4).
-2
Let k(f) = -4124*f + 4124*f + 2 - f**2. Suppose 3*u = 4*u. Suppose -p + 2*p = u. What is k(p)?
2
Suppose 0 = -0*a + 2*a. Let j(x) be the second derivative of 0*x**3 - 2*x**2 + 0 + 1/12*x**4 - 112*x. Give j(a).
-4
Let s(c) = 26*c - 207. Let v(w) = -59*w + 417. Let q(a) = -7*s(a) - 3*v(a). Give q(0).
198
Let p(d) = d**3 + 3*d**2 - 19*d + 9. Let c be p(-6). Let q(f) = c*f**2 - 7*f**2 - 18 - 7*f**2 - 14*f. What is q(15)?
-3
Let d(j) = -13*j**2 - 112*j**3 + 30*j**3 + 18*j + 41 + 83*j**3. Determine d(11).
-3
Let z(p) = p**3 - 6*p**2 + 18. Let i(g) = 345*g + 6. Let s be i(0). What is z(s)?
18
Let x(d) = -d**2 + 5*d + 3. Let u(n) = 2*n - 17. Suppose -4*f = 2*o - 26, -3 = -0*f - 3*f. Let i be u(o). Suppose -2 = -3*c + i*b + 23, 13 = 3*c + b. Give x(c).
3
Suppose z = 2*u + 38, 3*z - 107 = 4*u + 11. Let i(n) = -112*n - 5*n**2 - n**3 + 35*n + 32*n - 5 + z*n. Calculate i(-5).
10
Let n = -98 + 108. Let k be (n/3)/(4/(-6)) - -1. Let c(i) = i**2 + 7*i + 3. Give c(k).
-9
Let h(l) = l**2 - l + 5. Suppose -5*o + 187 - 177 = 0. Suppose 5*v = 2*f - 8, -o*v - 3*f - 1 = -13. Give h(v).
5
Let y be (-16)/3*(2 - (-35)/(-10)). Suppose -3*l - j = -18, -3*l + 4*j - y*j + 9 = 0. Let w(g) = 5*g - 9 - 7*g**2 - 1 - 3*g + g**3. Calculate w(l).
4
Let h = 36682 - 36679. Let b(f) be the first derivative of 5/3*f**h + 1/4*f**4 + 2*f**2 - f - 23. Calculate b(-4).
-1
Let a(y) = -3*y - 3 + 1 - 6. Let r be 2 - 2/((-2)/15). Suppose 12 = -r*x - 90. Determine a(x).
10
Let b = 253 + -198. Suppose 5*o + 2*k - 237 = 0, 5*o = k - 0*k + 249. Let u = o - b. Let r(a) = 2*a + 5. Calculate r(u).
-7
Suppose -406*c + 510*c = 936. Let w(y) = -y**3 + 3*y**2 + 2*y - 3. Let z be w(2). Let t(f) = f**2 - 2*f - z*f + 0*f + 0 - 3. Determine t(c).
15
Let t(f) = 16 + 14*f**2 - 293*f + 862*f + f**3 - 296*f - 285*f. Calculate t(-15).
-29
Let h(v) = -v + 8. Suppose -10*x + 6 = -44. Let a be 5*-1 + (x - -12). Calculate h(a).
-4
Let p be (1 - -1)*(-6)/(-4). Let j(g) = -4*g**2 + 5*g**2 + 4*g**p + 0*g**3. Suppose -409*w - 371*w + 709 = -71*w. What is j(w)?
5
Let v = -5 + 10. Suppose 12*f - 6*f = 36. Let p(y) = -15*y**2 + 29*y - 1. Let m(h) = -7*h**2 + 14*h - 1. Let q(r) = f*p(r) - 13*m(r). Calculate q(v).
-8
Let x be (-3 + (-12)/30)/((-12)/60). Let f(r) = -r**2 + 19*r - 34. What is f(x)?
0
Let y(f) be the second derivative of 5*f**3/2 + 19*f**2/2 + 1382*f. Calculate y(-2).
-11
Let k(w) = w**2. Let u(z) = -3*z**2 + 4*z + 2. Let o(r) = -2*r**2 + 13*r - 11. Let t be o(6). Let c(v) = t*k(v) - u(v). Suppose 6 = 3*q - 6*q. Determine c(q).
-2
Let w be (-8)/(-20) + 7/(-5). Let y(n) = n**2 + n + 1. Let i(s) = 3*s**2 + 6*s - 3. Let u(h) = w*y(h) + i(h). Let b = -21 - -17. Calculate u(b).
8
Let q(x) = x + 4. Let g = 1021 - 810. Let f = g - 215. Determine q(f).
0
Let r = 33 - 3. Let z be (-54)/r - 3/15. Let x(f) = 4 + 3 + 6*f - 6. Give x(z).
-11
Let q = 233/3660 + 6/305. Let v(s) be the second derivative of q*s**4 + 10*s + 0 - 4/3*s**3 - 1/2*s**2. Calculate v(7).
-8
Let d(y) = -y**3 - 9*y**2 - y - 7. Let r = 46 + -55. Let m be d(r). Suppose j + m = 2*w + 14, 0 = 4*w + 4*j. Let g(u) = -u**3 - 4*u**2 + u - 3. Determine g(w).
-7
Let t(p) = p**2 - 5*p + 1. Let c be t(6). Let j(f) = -76*f**2 + 56*f + 105. Let d(v) = 9*v**2 - 7*v - 12. Let z(x) = 17*d(x) + 2*j(x). Calculate z(c).
6
Let j = -1054 + 1054. Let c(y) be the third derivative of 36*y**2 + 1/8*y**4 - 1/60*y**5 + 0*y + j - 1/3*y**3. Determine c(5).
-12
Let a(b) = -2*b**3 + 49*b**2 + 26*b - 18. Suppose 8*q - 115 = 66 + 19. Give a(q).
7
Let j(w) = 25*w - 25. Let p(o) = -5*o + 5. Let g(q) = -j(q) - 4*p(q). Determine g(-1).
10
Let o(z) = 4*z**3 + 2*z + 1. Let s(r) = -663 - 3*r + 9*r**3 + r**2 + 665 + 8*r. Let l(n) = -5*o(n) + 2*s(n). Give l(-1).
3
Let d = 533 - 530. Let n(r) be the second derivative of -1/2*r**2 - 3*r - 1/6*r**3 + 0. Calculate n(d).
-4
Let y(k) = 2*k + 22. Let q(d) = 15*d - 479. Let b(m) = -q(m) + 2*y(m). Give b(47).
6
Let g(q) be the third derivative of -q**6/120 - 3*q**5/10 - 5*q**4/6 + 41*q**3/6 - 10722*q**2. Determine g(-17).
92
Let i(h) = h**3 - 5*h**2 + 6*h + 2. Let p be i(3). Let f(w) = -w**p + w**2 + 3*w + 1 - w - w**3 + 3*w**2. Give f(4).
-7
Let i(g) = -2*g**2 - 4*g - 15. Suppose -49 + 35 = -5*t + 2*k, -4*t + k + 7 = 0. What is i(t)?
-15
Let u(x) = -x**2 - 4*x - 2. Let c(b) = 5 - 2*b**3 + 5*b**2 + b**3 + 4*b**2 - 2*b - 8. Let f be c(7). Let n = f + -84. Calculate u(n).
1
Let d be -1 + -15*60/(-25). Let p be -3*4/((-84)/d). Let h(z) = -2*z**2 + 6*z + 4. Give h(p).
-16
Let s(d) = -6*d**2. Let p(y) = 25*y**2 + 5*y + 5. Let u = -534 - -530. Let b(r) = u*s(r) - p(r). What is b(-2)?
1
Suppose d = -p - 0*d, 4*d = p - 10. Let w(a) = p*a - a - 21 - 6*a + 20. Let o = 15 - 14. Calculate w(o).
-6
Let c(x) = 2*x**2 - 3*x - 1. Let l(r) = -r**2 - 11*r - 27. Let v(d) = d**3 + 5*d**2 - 3*d + 12. Let f be v(-6). Let j be l(f). What is c(j)?
8
Let v(m) be the second derivative of 49*m**4/12 + m**3/6 + m**2/2 + 262*m. Suppose -3*d + 25 = 28. Calculate v(d).
49
Let k(x) = -3*x**3 - 22*x**2 - 25*x. Let o(i) = i**3 - 62*i**2 - 192*i - 201. Let y be o(65). Calculate k(y).
6
Let h(q) = 4*q - 20. Suppose 9*n + 15 = 5*d + 4*n, -5*n = d - 3. Suppose 0 = -3*o - v + 16, 0 = d*v - 8 + 14. Determine h(o).
4
Let v(a) = 58 - 5*a + 50 - 160 - 18*a + 53. Calculate v(-5).
116
Let p(d) = -2*d**2 - d + 71. Let z be p(7). Let k be (4/(-6))/((z + 18)/96). Let u(y) = -3*y + 8. Calculate u(k).
-4
Suppose 3*w = 3*k + 2*w - 7, 4*w + 13 = -3*k. Let q be ((-4)/k)/(1*(-6 - -5)). Let a(j) = j - 8*j + q + 9*j. Give a(5).
14
Let s(m) = -m**3 + 48*m**2 + 101*m - 50. Let r be s(50). Let h(a) = 2*a**2 + a - 3. Calculate h(r).
-3
Suppose 0 = -8*r + 29 + 19. Let p(d) = -5*d**2 - r - 84*d**3 + 85*d**3 - 6*d + 13. Calculate p(6).
7
Let c(i) = 2*i**3 - 3*i**2 - 3*i - 7. Let l = 2769 + -2765. What is c(l)?
61
Let p(w) = -9015 - 5*w - 18*w + 5*w - 2*w**2 + 8982. Determine p(-4).
7
Let g = -18446 - -18451. Let n(b) = 3*b + 19. What is n(g)?
34
Let a(f) be the first derivative of 2*f**3/3 + 31*f**2